
Does 25 divide 1800?
True
Is 16265 a multiple of 39?
False
Does 67 divide 157?
False
Does 90 divide 11587?
False
Is 87558 a multiple of 12?
False
Is 51 a factor of 540?
False
Does 52 divide 55?
False
Does 19 divide 323?
True
Is 5 a factor of 307?
False
Does 25 divide 200?
True
Does 16 divide 1232?
True
Is 9220 a multiple of 12?
False
Is 55 a factor of 9450?
False
Is 9196 a multiple of 121?
True
Is 6 a factor of 27536?
False
Is 722 a multiple of 10?
False
Is 18 a factor of 450?
True
Does 35 divide 210?
True
Is 13926 a multiple of 33?
True
Does 39 divide 546?
True
Is 8 a factor of 1848?
True
Does 5 divide 1615?
True
Is 6 a factor of 5369?
False
Does 16 divide 21952?
True
Does 37 divide 1406?
True
Does 11 divide 21098?
True
Does 10 divide 5560?
True
Does 6 divide 72?
True
Is 12599 a multiple of 43?
True
Is 1848 a multiple of 47?
False
Is 10 a factor of 23?
False
Does 9 divide 4257?
True
Does 20 divide 37366?
False
Does 27 divide 1377?
True
Is 11 a factor of 33?
True
Is 28 a factor of 73276?
True
Is 120 a factor of 6662?
False
Does 60 divide 3138?
False
Does 10 divide 2990?
True
Is 1482 a multiple of 16?
False
Is 132 a factor of 42602?
False
Is 61 a factor of 183?
True
Does 74 divide 6911?
False
Is 13 a factor of 221?
True
Is 90 a factor of 720?
True
Is 529 a multiple of 23?
True
Does 48 divide 4030?
False
Is 653 a multiple of 6?
False
Is 19 a factor of 76?
True
Is 12 a factor of 1244?
False
Is 8756 a multiple of 22?
True
Is 9 a factor of 2160?
True
Is 25 a factor of 850?
True
Is 569 a multiple of 22?
False
Is 16 a factor of 1418?
False
Is 7274 even?
True
Is 1195 a multiple of 37?
False
Is 14 a factor of 2898?
True
Is 399 a multiple of 19?
True
Is 32 a factor of 4640?
True
Is 81459 a multiple of 21?
True
Is 11758 a multiple of 12?
False
Is 19 a factor of 6773?
False
Does 20 divide 360?
True
Does 52 divide 2009?
False
Is 267 a multiple of 70?
False
Is 32 a factor of 104357?
False
Does 26 divide 45136?
True
Does 75 divide 72292?
False
Does 52 divide 26728?
True
Does 63 divide 833?
False
Is 18122 a multiple of 13?
True
Does 17 divide 16342?
False
Is 27 a factor of 17264?
False
Is 60 a factor of 4182?
False
Does 20 divide 8579?
False
Is 13 a factor of 376?
False
Does 61 divide 1525?
True
Is 78 a factor of 13667?
False
Is 114 a multiple of 16?
False
Does 4 divide 199?
False
Is 176 a factor of 9480?
False
Is 58 a factor of 5510?
True
Does 9 divide 5414?
False
Does 134 divide 13325?
False
Is 3355 a multiple of 55?
True
Is 17 a factor of 492?
False
Is 18 a factor of 9828?
True
Does 24 divide 384?
True
Is 2665 a multiple of 41?
True
Does 45 divide 29063?
False
Is 3885 a multiple of 21?
True
Is 218 even?
True
Is 19 a multiple of 5?
False
Is 462 even?
True
Is 16156 a multiple of 14?
True
Is 2351 a multiple of 13?
False
Is 26 a factor of 9820?
False
Does 57 divide 158631?
True
Is 13 a factor of 1170?
True
Is 171 a factor of 10166?
False
Is 1755 a multiple of 15?
True
Does 39 divide 7761?
True
Does 282 divide 1063?
False
Is 7742 a multiple of 98?
True
Is 1584 a multiple of 17?
False
Is 6 a factor of 1428?
True
Is 4935 a multiple of 13?
False
Is 5 a factor of 2329?
False
Is 29 a factor of 88999?
False
Is 12274 a multiple of 38?
True
Is 8 a factor of 1146?
False
Is 57 even?
False
Is 2 a factor of 140?
True
Is 13 a factor of 503?
False
Is 54948 a multiple of 38?
True
Is 3 a factor of 6003?
True
Is 33 a factor of 9893?
False
Does 4 divide 343?
False
Is 14 a factor of 3257?
False
Does 32 divide 128?
True
Is 3268 a multiple of 16?
False
Is 42 a factor of 2982?
True
Is 496 a multiple of 62?
True
Is 1391 a multiple of 13?
True
Does 67 divide 6968?
True
Does 69 divide 621?
True
Is 4443 a multiple of 9?
False
Is 28 a factor of 584?
False
Is 4 a factor of 2612?
True
Is 38823 a multiple of 10?
False
Does 8 divide 18116?
False
Is 15 a factor of 5685?
True
Is 51 a factor of 1428?
True
Does 14 divide 1330?
True
Is 6 a factor of 17315?
False
Does 2 divide 10992?
True
Is 7 a factor of 546?
True
Is 32 a factor of 116100?
False
Is 63 a multiple of 3?
True
Is 10 a factor of 427?
False
Does 64 divide 3339?
False
Is 5 a factor of 2380?
True
Is 90 a factor of 2970?
True
Is 56 even?
True
Is 23 a factor of 2690?
False
Is 3250 a multiple of 25?
True
Is 6736 a multiple of 16?
True
Does 19 divide 38147?
False
Is 184 a factor of 10304?
True
Is 2536 a multiple of 8?
True
Does 66 divide 6812?
False
Is 28 a factor of 18307?
False
Is 63 a factor of 538?
False
Is 3435 a multiple of 14?
False
Is 19 a factor of 722?
True
Is 120 a factor of 34610?
False
Does 14 divide 6594?
True
Is 20 a factor of 260?
True
Is 36 a factor of 1788?
False
Is 9684 a multiple of 47?
False
Is 4379 a multiple of 8?
False
Is 6 a factor of 29424?
True
Does 2 divide 311?
False
Is 11904 a multiple of 11?
False
Is 7 a factor of 434?
True
Is 464 a multiple of 4?
True
Is 65772 a multiple of 84?
True
Does 33 divide 396?
True
Does 11 divide 462?
True
Is 33 a factor of 1254?
True
Is 2 a factor of 2707?
False
Is 26 a factor of 56436?
False
Is 229 a multiple of 64?
False
Does 33 divide 5418?
False
Is 110 a factor of 4950?
True
Is 6 a factor of 1422?
True
Is 1512 a multiple of 24?
True
Is 114 a multiple of 38?
True
Is 760 a multiple of 4?
True
Does 18 divide 4267?
False
Is 102 a factor of 30023?
False
Is 85 a multiple of 38?
False
Is 3314 a multiple of 2?
True
Is 115 a multiple of 6?
False
Is 17 a factor of 79617?
False
Is 30598 a multiple of 27?
False
Does 145 divide 48847?
False
Does 22 divide 9836?
False
Is 9554 a multiple of 20?
False
Is 9 a factor of 2763?
True
Does 180 divide 15840?
True
Does 21 divide 336?
True
Is 120 a factor of 2290?
False
Is 2 a factor of 84?
True
Is 30 a factor of 3799?
False
Is 19 a factor of 3507?
False
Is 83650 a multiple of 14?
True
Is 1760 a multiple of 8?
True
Does 2 divide 224?
True
Does 7 divide 9646?
True
Does 5 divide 82?
False
Is 33 a factor of 27014?
False
Is 61181 a multiple of 68?
False
Is 20 a factor of 3353?
False
Does 15 divide 12653?
False
Is 2600 a multiple of 40?
True
Is 44 a factor of 634?
False
Does 21 divide 966?
True
Does 11 divide 8216?
False
Does 15 divide 104115?
True
Is 30492 a multiple of 32?
False
Does 25 divide 1775?
True
Is 4097 a multiple of 38?
False
Is 324 a multiple of 5?
False
Is 2037 a multiple of 4?
False
Does 6 divide 5441?
False
Is 7 a factor of 940?
False
Does 127 divide 24595?
False
Is 567 a multiple of 2?
False
Is 50 a factor of 61678?
False
Is 24570 a multiple of 390?
True
Is 784 a multiple of 28?
True
Is 15 a factor of 3879?
False
Does 11 divide 572?
True
Is 20608 a multiple of 56?
True
Does 25 divide 6230?
False
Does 10 divide 4060?
True
Does 103 divide 483?
False
Is 3956 a multiple of 3?
False
Does 4 divide 104?
True
Does 5 divide 625?
True
Does 28 divide 4533?
False
Is 4393 a multiple of 2?
False
Is 2173 a multiple of 8?
False
Is 2751 a multiple of 41?
False
Is 26691 a multiple of 123?
True
Is 2450 a multiple of 14?
True
Does 50 divide 3850?
True
Does 2 divide 164?
True
Does 25 divide 125?
True
Does 10 divide 9773?
False
Is 68 a factor of 664?
False
Does 16 divide 448?
True
Does 29 divide 1044?
True
Is 35 a factor of 22888?
False
Does 64 divide 925?
False
Does 6 divide 11844?
True
Is 77 a multiple of 77?
True
Does 117 divide 47832?
False
Is 6154 a multiple of 19?
False
Is 3912 a multiple of 12?
True
Is 14 a factor of 3733?
False
Is 126 a factor of 3528?
True
Does 31 divide 8780?
False
Is 8 a factor of 8664?
True
Is 371 a factor of 57134?
True
Is 13 a factor of 202?
False
Is 69237 a multiple of 441?
True
Does 30 divide 1375?
False
Does 365 divide 69350?
True
Is 13 a factor of 9765?
False
Does 4 divide 735?
False
Is 12 a factor of 1942?
False
Is 819 a multiple of 13?
True
Does 41 divide 754?
False
Is 17 a factor of 38488?
True
Is 29 a factor of 264?
False
Is 68 a factor of 5236?
True
Is 9 a factor of 27?
True
Is 3042 a multiple of 17?
False
Does 160 divide 13280?
True
Is 30132 a multiple of 50?
False
Does 11 divide 1503?
False
Is 10 a factor of 100?
True
Is 65 a factor of 28487?
False
Does 85 divide 1955?
True
Is 40 a factor of 280?
True
Does 79 divide 73744?
False
Does 20 divide 975?
False
Does 186 divide 11160?
True
Is 7998 a multiple of 43?
True
Is 13 a multiple of 5?
False
Is 200 a multiple of 26?
False
Is 17 a factor of 216?
False
Is 101 a factor o